{"id":183,"date":"2023-04-18T11:15:38","date_gmt":"2023-04-18T09:15:38","guid":{"rendered":"https:\/\/ww2.psjc.fr\/?page_id=183"},"modified":"2023-09-20T09:35:45","modified_gmt":"2023-09-20T07:35:45","slug":"scoutisme","status":"publish","type":"page","link":"https:\/\/www.saintejeannedechantal.com\/index.php\/scoutisme\/","title":{"rendered":"Scoutisme"},"content":{"rendered":"\t\t<div data-elementor-type=\"wp-page\" data-elementor-id=\"183\" class=\"elementor elementor-183\" data-elementor-post-type=\"page\">\n\t\t\t\t\t\t<section class=\"elementor-section elementor-top-section elementor-element elementor-element-71f16b6 elementor-section-boxed elementor-section-height-default elementor-section-height-default\" data-id=\"71f16b6\" data-element_type=\"section\" data-e-type=\"section\">\n\t\t\t\t\t\t<div class=\"elementor-container elementor-column-gap-default\">\n\t\t\t\t\t<div class=\"elementor-column elementor-col-100 elementor-top-column elementor-element elementor-element-4387b3ec\" data-id=\"4387b3ec\" data-element_type=\"column\" data-e-type=\"column\">\n\t\t\t<div class=\"elementor-widget-wrap elementor-element-populated\">\n\t\t\t\t\t\t<div class=\"elementor-element elementor-element-75127ba5 elementor-drop-cap-yes elementor-drop-cap-view-default elementor-widget elementor-widget-text-editor\" data-id=\"75127ba5\" data-element_type=\"widget\" data-e-type=\"widget\" data-settings=\"{&quot;drop_cap&quot;:&quot;yes&quot;}\" data-widget_type=\"text-editor.default\">\n\t\t\t\t<div class=\"elementor-widget-container\">\n\t\t\t\t\t\t\t\t\t<p><img decoding=\"async\" width=\"300\" height=\"77\" class=\"size-medium wp-image-6669 alignleft\" src=\"https:\/\/ww2.psjc.fr\/wp-content\/uploads\/2023\/09\/Scouts-dEurope-logo-300x77.png\" alt=\"\" srcset=\"https:\/\/www.saintejeannedechantal.com\/wp-content\/uploads\/2023\/09\/Scouts-dEurope-logo-300x77.png 300w, https:\/\/www.saintejeannedechantal.com\/wp-content\/uploads\/2023\/09\/Scouts-dEurope-logo.png 400w\" sizes=\"(max-width: 300px) 100vw, 300px\" \/><\/p><p>L\u2019association fran\u00e7aise des Guides et Scouts d\u2019Europe (AGSE) est un mouvement d\u2019\u00e9ducation compl\u00e9mentaire de la famille agr\u00e9\u00e9 par le Minist\u00e8re de la Jeunesse et des Sports depuis 1970<\/p><p>Association catholique, elle est reconnue mouvement d\u2019\u00e9ducation par l\u2019Eglise.<\/p><p>Conform\u00e9ment \u00e0 la tradition du scoutisme catholique, elle est ouverte \u00e0 tous ceux qui souhaitent participer \u00e0 ses activit\u00e9s et acceptent de r\u00e9fl\u00e9chir \u00e0 une dimension spirituelle.<\/p>\t\t\t\t\t\t\t\t<\/div>\n\t\t\t\t<\/div>\n\t\t\t\t\t<\/div>\n\t\t<\/div>\n\t\t\t\t\t<\/div>\n\t\t<\/section>\n\t\t\t\t<section class=\"elementor-section elementor-top-section elementor-element elementor-element-441c7525 elementor-section-boxed elementor-section-height-default elementor-section-height-default\" data-id=\"441c7525\" data-element_type=\"section\" data-e-type=\"section\">\n\t\t\t\t\t\t<div class=\"elementor-container elementor-column-gap-default\">\n\t\t\t\t\t<div class=\"elementor-column elementor-col-100 elementor-top-column elementor-element elementor-element-7dafe971\" data-id=\"7dafe971\" data-element_type=\"column\" data-e-type=\"column\">\n\t\t\t<div class=\"elementor-widget-wrap elementor-element-populated\">\n\t\t\t\t\t\t<div class=\"elementor-element elementor-element-491b3c1e elementor-widget elementor-widget-pp-advanced-tabs\" data-id=\"491b3c1e\" data-element_type=\"widget\" data-e-type=\"widget\" data-widget_type=\"pp-advanced-tabs.default\">\n\t\t\t\t<div class=\"elementor-widget-container\">\n\t\t\t\t\t\t\t<div class=\"pp-advanced-tabs pp-style-6 pp-tabs-responsive-tablet pp-advabced-tabs-responsive\">\n\t\t\t<div class=\"pp-advanced-tabs-wrapper pp-tabs-labels at-vertical  at-no-hover\" role=\"tablist\">\n\t\t\t\t\t\t\t\t\t\t\t<div id=\"pp-advanced-tabs-title-1221\" class=\"pp-advanced-tabs-title pp-tabs-label pp-advanced-tabs-desktop-title pp-tab-active\" data-tab=\"1\" data-index=\"1221\" tabindex=\"0\" role=\"tab\" aria-controls=\"pp-advanced-tabs-content-1221\">\n\n\t\t\t\t\t\t\t\t\n\t\t\t\t\t\t\t\t<span class=\"pp-advanced-tabs-title-text\">Buts du scoutisme<\/span>\n\t\t\t\t\t\t\t\t\t\t\t\t\t\t\t<\/div>\n\t\t\t\t\t\t\t\t\t\t\t\t\t<div id=\"pp-advanced-tabs-title-1222\" class=\"pp-advanced-tabs-title pp-tabs-label pp-advanced-tabs-desktop-title \" data-tab=\"2\" data-index=\"1222\" tabindex=\"0\" role=\"tab\" aria-controls=\"pp-advanced-tabs-content-1222\">\n\n\t\t\t\t\t\t\t\t\n\t\t\t\t\t\t\t\t<span class=\"pp-advanced-tabs-title-text\">M\u00e9thode<\/span>\n\t\t\t\t\t\t\t\t\t\t\t\t\t\t\t<\/div>\n\t\t\t\t\t\t\t\t\t\t\t\t\t<div id=\"pp-advanced-tabs-title-1223\" class=\"pp-advanced-tabs-title pp-tabs-label pp-advanced-tabs-desktop-title \" data-tab=\"3\" data-index=\"1223\" tabindex=\"0\" role=\"tab\" aria-controls=\"pp-advanced-tabs-content-1223\">\n\n\t\t\t\t\t\t\t\t\n\t\t\t\t\t\t\t\t<span class=\"pp-advanced-tabs-title-text\">Organisation<\/span>\n\t\t\t\t\t\t\t\t\t\t\t\t\t\t\t<\/div>\n\t\t\t\t\t\t\t\t\t\t\t\t\t<div id=\"pp-advanced-tabs-title-1224\" class=\"pp-advanced-tabs-title pp-tabs-label pp-advanced-tabs-desktop-title \" data-tab=\"4\" data-index=\"1224\" tabindex=\"0\" role=\"tab\" aria-controls=\"pp-advanced-tabs-content-1224\">\n\n\t\t\t\t\t\t\t\t\n\t\t\t\t\t\t\t\t<span class=\"pp-advanced-tabs-title-text\">Pour en savoir plus<\/span>\n\t\t\t\t\t\t\t\t\t\t\t\t\t\t\t<\/div>\n\t\t\t\t\t\t\t\t\t\t\t\t\t<div id=\"pp-advanced-tabs-title-1225\" class=\"pp-advanced-tabs-title pp-tabs-label pp-advanced-tabs-desktop-title \" data-tab=\"5\" data-index=\"1225\" tabindex=\"0\" role=\"tab\" aria-controls=\"pp-advanced-tabs-content-1225\">\n\n\t\t\t\t\t\t\t\t\t\t\t<span class=\"pp-icon pp-advanced-tabs-icon-left\">\n\t\t\t\t<i aria-hidden=\"true\" class=\"far fa-envelope\"><\/i>\t\t\t<\/span>\n\t\t\t\n\t\t\t\t\t\t\t\t<span class=\"pp-advanced-tabs-title-text\">Contact<\/span>\n\t\t\t\t\t\t\t\t\t\t\t\t\t\t\t<\/div>\n\t\t\t\t\t\t\t\t\t<\/div>\n\t\t\t<div class=\"pp-advanced-tabs-content-wrapper pp-tabs-panels at-vertical-content\">\n\t\t\t\t\t\t\t\t\t<div class=\"pp-tabs-panel\">\n\t\t\t\t\t\t<div class=\"pp-advanced-tabs-title pp-tabs-label pp-tab-responsive pp-tab-active  at-no-hover\" data-index=\"1221\">\n\t\t\t\t\t\t\t<div class=\"pp-advanced-tabs-title-inner\">\n\t\t\t\t\t\t\t\t\n\t\t\t\t\t\t\t\t<span class=\"pp-advanced-tabs-title-text\">Buts du scoutisme<\/span>\n\t\t\t\t\t\t\t\t<i class=\"pp-toggle-icon pp-tab-open fa\"><\/i>\n\t\t\t\t\t\t\t<\/div>\n\t\t\t\t\t\t<\/div>\n\t\t\t\t\t\t<div id=\"pp-advanced-tabs-content-1221\" class=\"pp-advanced-tabs-content elementor-clearfix pp-advanced-tabs-tab_content pp-tab-active\" data-tab=\"1\" data-index=\"1221\" role=\"tabpanel\" aria-labelledby=\"pp-advanced-tabs-title-1221\">\n\t\t\t\t\t\t\t<p>Sur la base des pr\u00e9ceptes de son fondateur, <strong>Baden-Powell<\/strong>, et enrichi dans sa dimension chr\u00e9tienne par le <strong>p\u00e8re Jacques Sevin<\/strong>, le but du scoutisme est d\u2019aider chaque jeune \u00e0 progresser et \u00e0 \u00eatre capable de jouer un r\u00f4le utile dans le monde qui l\u2019entoure. Ce<br \/>d\u00e9veloppement harmonieux repose sur <strong>5 objectifs indissociables<\/strong> :<\/p><p>\u00a0 \u00a0 * la sant\u00e9 et le d\u00e9veloppement physique<br \/>\u00a0 \u00a0 * le sens du concret<br \/>\u00a0 \u00a0 * la formation du caract\u00e8re<br \/>\u00a0 \u00a0 * le sens du service<br \/>\u00a0 \u00a0 * le sens de Dieu<\/p>\t\t\t\t\t\t<\/div>\n\t\t\t\t\t<\/div>\n\t\t\t\t\t\t\t\t\t<div class=\"pp-tabs-panel\">\n\t\t\t\t\t\t<div class=\"pp-advanced-tabs-title pp-tabs-label pp-tab-responsive   at-no-hover\" data-index=\"1222\">\n\t\t\t\t\t\t\t<div class=\"pp-advanced-tabs-title-inner\">\n\t\t\t\t\t\t\t\t\n\t\t\t\t\t\t\t\t<span class=\"pp-advanced-tabs-title-text\">M\u00e9thode<\/span>\n\t\t\t\t\t\t\t\t<i class=\"pp-toggle-icon pp-tab-open fa\"><\/i>\n\t\t\t\t\t\t\t<\/div>\n\t\t\t\t\t\t<\/div>\n\t\t\t\t\t\t<div id=\"pp-advanced-tabs-content-1222\" class=\"pp-advanced-tabs-content elementor-clearfix pp-advanced-tabs-tab_content \" data-tab=\"2\" data-index=\"1222\" role=\"tabpanel\" aria-labelledby=\"pp-advanced-tabs-title-1222\">\n\t\t\t\t\t\t\t<p>La m\u00e9thode scoute concerne donc l\u2019enfant et le jeune (de 8 \u00e0 17 ans et plus) dans sa totalit\u00e9 y compris dans sa dimension chr\u00e9tienne.<\/p><p>Il repose sur l\u2019\u00e9ducation <strong>diff\u00e9renci\u00e9e<\/strong> des gar\u00e7ons et des filles, offrant \u00e0 chacun la libert\u00e9 d\u2019\u00eatre soi-m\u00eame tout en d\u00e9couvrant progressivement la richesse et l\u2019harmonie de leur vocation propre et <strong>compl\u00e9mentaire<\/strong>.<\/p><p><br \/>\u00c9cole de l\u2019action et communaut\u00e9 d\u2019apprentissage, il mise sur la <strong>formation du jeune par le jeune<\/strong>, dans des groupes d\u2019\u00e2ge homog\u00e8ne, principalement \u00e0 travers des activit\u00e9s de plein air, dans la nature, sous le contr\u00f4le d\u2019adultes sp\u00e9cialement form\u00e9s et conscients de leurs <strong>responsabilit\u00e9s<\/strong>.<\/p>\t\t\t\t\t\t<\/div>\n\t\t\t\t\t<\/div>\n\t\t\t\t\t\t\t\t\t<div class=\"pp-tabs-panel\">\n\t\t\t\t\t\t<div class=\"pp-advanced-tabs-title pp-tabs-label pp-tab-responsive   at-no-hover\" data-index=\"1223\">\n\t\t\t\t\t\t\t<div class=\"pp-advanced-tabs-title-inner\">\n\t\t\t\t\t\t\t\t\n\t\t\t\t\t\t\t\t<span class=\"pp-advanced-tabs-title-text\">Organisation<\/span>\n\t\t\t\t\t\t\t\t<i class=\"pp-toggle-icon pp-tab-open fa\"><\/i>\n\t\t\t\t\t\t\t<\/div>\n\t\t\t\t\t\t<\/div>\n\t\t\t\t\t\t<div id=\"pp-advanced-tabs-content-1223\" class=\"pp-advanced-tabs-content elementor-clearfix pp-advanced-tabs-tab_content \" data-tab=\"3\" data-index=\"1223\" role=\"tabpanel\" aria-labelledby=\"pp-advanced-tabs-title-1223\">\n\t\t\t\t\t\t\t<p>L\u2019organisation du mouvement repose sur 3 tranches d\u2019\u00e2ge :<\/p><p>\u00a0 \u00a0 * de 8 \u00e0 12 ans, les louveteaux et les louvettes<br \/>\u00a0 \u00a0 * de 12 \u00e0 16 ans, les scouts et les guides<br \/>\u00a0 \u00a0 * \u00e0 partir de 17 ans, les routiers et les guides-a\u00een\u00e9es<\/p>\t\t\t\t\t\t<\/div>\n\t\t\t\t\t<\/div>\n\t\t\t\t\t\t\t\t\t<div class=\"pp-tabs-panel\">\n\t\t\t\t\t\t<div class=\"pp-advanced-tabs-title pp-tabs-label pp-tab-responsive   at-no-hover\" data-index=\"1224\">\n\t\t\t\t\t\t\t<div class=\"pp-advanced-tabs-title-inner\">\n\t\t\t\t\t\t\t\t\n\t\t\t\t\t\t\t\t<span class=\"pp-advanced-tabs-title-text\">Pour en savoir plus<\/span>\n\t\t\t\t\t\t\t\t<i class=\"pp-toggle-icon pp-tab-open fa\"><\/i>\n\t\t\t\t\t\t\t<\/div>\n\t\t\t\t\t\t<\/div>\n\t\t\t\t\t\t<div id=\"pp-advanced-tabs-content-1224\" class=\"pp-advanced-tabs-content elementor-clearfix pp-advanced-tabs-tab_content \" data-tab=\"4\" data-index=\"1224\" role=\"tabpanel\" aria-labelledby=\"pp-advanced-tabs-title-1224\">\n\t\t\t\t\t\t\t<p><a href=\"https:\/\/www.scouts-europe.org\" target=\"_blank\" rel=\"noopener\">\u2192 <span style=\"text-decoration: underline;\">Site des Guides et scouts d&#8217;Europe<\/span><\/a><\/p><p><a href=\"https:\/\/www.scouts-europe.org\" target=\"_blank\" rel=\"noopener\">\u2192 \u00a0<\/a><a href=\"https:\/\/louvetisme.scouts-europe.org\/\" target=\"_blank\" rel=\"noopener\"><span style=\"text-decoration: underline;\">Site du Louvetisme<\/span><\/a><\/p><p><a href=\"https:\/\/www.scouts-europe.org\" target=\"_blank\" rel=\"noopener\">\u2192 <\/a><span style=\"text-decoration: underline;\"><a href=\"http:\/\/trefle.scouts-europe.org\" target=\"_blank\" rel=\"noopener\">Site des Routiers et Guide A\u00een\u00e9es<\/a><\/span><\/p>\t\t\t\t\t\t<\/div>\n\t\t\t\t\t<\/div>\n\t\t\t\t\t\t\t\t\t<div class=\"pp-tabs-panel\">\n\t\t\t\t\t\t<div class=\"pp-advanced-tabs-title pp-tabs-label pp-tab-responsive   at-no-hover\" data-index=\"1225\">\n\t\t\t\t\t\t\t<div class=\"pp-advanced-tabs-title-inner\">\n\t\t\t\t\t\t\t\t\t\t\t<span class=\"pp-icon pp-advanced-tabs-icon-left\">\n\t\t\t\t<i aria-hidden=\"true\" class=\"far fa-envelope\"><\/i>\t\t\t<\/span>\n\t\t\t\n\t\t\t\t\t\t\t\t<span class=\"pp-advanced-tabs-title-text\">Contact<\/span>\n\t\t\t\t\t\t\t\t<i class=\"pp-toggle-icon pp-tab-open fa\"><\/i>\n\t\t\t\t\t\t\t<\/div>\n\t\t\t\t\t\t<\/div>\n\t\t\t\t\t\t<div id=\"pp-advanced-tabs-content-1225\" class=\"pp-advanced-tabs-content elementor-clearfix pp-advanced-tabs-tab_content \" data-tab=\"5\" data-index=\"1225\" role=\"tabpanel\" aria-labelledby=\"pp-advanced-tabs-title-1225\">\n\t\t\t\t\t\t\t<p><strong>Groupe 5\u00e8me Paris<\/strong> (branche gar\u00e7ons)<br \/><br \/>Contact : Gonzague MADELIN &#8211; <a href=\"mailto:scout5emeparis@gmail.com\">scout5emeparis@gmail.com<\/a><br \/><br \/><strong>Groupe 7\u00e8me Paris<\/strong> (branche gar\u00e7ons)<br \/><br \/>Contact : Amaury DESOMBRE &#8211; <a href=\"mailto:groupe7paris@gmail.com\">groupe7paris@gmail.com<\/a><br \/><br \/><strong>Groupe 30\u00e8me paris<\/strong> (branche filles)<br \/><br \/>Marguerite BOITEL &#8211; <a href=\"mailto:gse30paris@gmail.com\">gse30paris@gmail.com<\/a><\/p>\t\t\t\t\t\t<\/div>\n\t\t\t\t\t<\/div>\n\t\t\t\t\t\t\t<\/div>\n\t\t<\/div>\n\t\t\t\t\t\t<\/div>\n\t\t\t\t<\/div>\n\t\t\t\t<div class=\"elementor-element elementor-element-46c4f449 elementor-widget elementor-widget-spacer\" data-id=\"46c4f449\" data-element_type=\"widget\" data-e-type=\"widget\" data-widget_type=\"spacer.default\">\n\t\t\t\t<div class=\"elementor-widget-container\">\n\t\t\t\t\t\t\t<div class=\"elementor-spacer\">\n\t\t\t<div class=\"elementor-spacer-inner\"><\/div>\n\t\t<\/div>\n\t\t\t\t\t\t<\/div>\n\t\t\t\t<\/div>\n\t\t\t\t<section class=\"elementor-section elementor-inner-section elementor-element elementor-element-1cbc01c elementor-section-boxed elementor-section-height-default elementor-section-height-default\" data-id=\"1cbc01c\" data-element_type=\"section\" data-e-type=\"section\">\n\t\t\t\t\t\t<div class=\"elementor-container elementor-column-gap-default\">\n\t\t\t\t\t<div class=\"elementor-column elementor-col-50 elementor-inner-column elementor-element elementor-element-3979b44\" data-id=\"3979b44\" data-element_type=\"column\" data-e-type=\"column\">\n\t\t\t<div class=\"elementor-widget-wrap elementor-element-populated\">\n\t\t\t\t\t\t<div class=\"elementor-element elementor-element-1ddd492 elementor-widget elementor-widget-image\" data-id=\"1ddd492\" data-element_type=\"widget\" data-e-type=\"widget\" data-widget_type=\"image.default\">\n\t\t\t\t<div class=\"elementor-widget-container\">\n\t\t\t\t\t\t\t\t\t\t\t\t\t\t\t<img fetchpriority=\"high\" decoding=\"async\" width=\"651\" height=\"621\" src=\"https:\/\/www.saintejeannedechantal.com\/wp-content\/uploads\/2023\/09\/quest-ce-que-scoutisme-1-1.jpg\" class=\"attachment-large size-large wp-image-6673\" alt=\"\" srcset=\"https:\/\/www.saintejeannedechantal.com\/wp-content\/uploads\/2023\/09\/quest-ce-que-scoutisme-1-1.jpg 651w, https:\/\/www.saintejeannedechantal.com\/wp-content\/uploads\/2023\/09\/quest-ce-que-scoutisme-1-1-300x286.jpg 300w\" sizes=\"(max-width: 651px) 100vw, 651px\" \/>\t\t\t\t\t\t\t\t\t\t\t\t\t\t\t<\/div>\n\t\t\t\t<\/div>\n\t\t\t\t\t<\/div>\n\t\t<\/div>\n\t\t\t\t<div class=\"elementor-column elementor-col-50 elementor-inner-column elementor-element elementor-element-7b5c8c9\" data-id=\"7b5c8c9\" data-element_type=\"column\" data-e-type=\"column\">\n\t\t\t<div class=\"elementor-widget-wrap elementor-element-populated\">\n\t\t\t\t\t\t<div class=\"elementor-element elementor-element-1f08060 elementor-widget elementor-widget-image\" data-id=\"1f08060\" data-element_type=\"widget\" data-e-type=\"widget\" data-widget_type=\"image.default\">\n\t\t\t\t<div class=\"elementor-widget-container\">\n\t\t\t\t\t\t\t\t\t\t\t\t\t\t\t<img decoding=\"async\" width=\"680\" height=\"251\" src=\"https:\/\/www.saintejeannedechantal.com\/wp-content\/uploads\/2023\/09\/guide-scouts-europe-authentique-1024x378.jpg\" class=\"attachment-large size-large wp-image-6674\" alt=\"\" srcset=\"https:\/\/www.saintejeannedechantal.com\/wp-content\/uploads\/2023\/09\/guide-scouts-europe-authentique-1024x378.jpg 1024w, https:\/\/www.saintejeannedechantal.com\/wp-content\/uploads\/2023\/09\/guide-scouts-europe-authentique-300x111.jpg 300w, https:\/\/www.saintejeannedechantal.com\/wp-content\/uploads\/2023\/09\/guide-scouts-europe-authentique-768x283.jpg 768w, https:\/\/www.saintejeannedechantal.com\/wp-content\/uploads\/2023\/09\/guide-scouts-europe-authentique-1536x566.jpg 1536w, https:\/\/www.saintejeannedechantal.com\/wp-content\/uploads\/2023\/09\/guide-scouts-europe-authentique-958x353.jpg 958w, https:\/\/www.saintejeannedechantal.com\/wp-content\/uploads\/2023\/09\/guide-scouts-europe-authentique.jpg 1920w\" sizes=\"(max-width: 680px) 100vw, 680px\" \/>\t\t\t\t\t\t\t\t\t\t\t\t\t\t\t<\/div>\n\t\t\t\t<\/div>\n\t\t\t\t<div class=\"elementor-element elementor-element-a47468b elementor-widget elementor-widget-image\" data-id=\"a47468b\" data-element_type=\"widget\" data-e-type=\"widget\" data-widget_type=\"image.default\">\n\t\t\t\t<div class=\"elementor-widget-container\">\n\t\t\t\t\t\t\t\t\t\t\t\t\t\t\t<img loading=\"lazy\" decoding=\"async\" width=\"680\" height=\"510\" src=\"https:\/\/www.saintejeannedechantal.com\/wp-content\/uploads\/2023\/09\/senamco4-1024x768-1.jpeg\" class=\"attachment-large size-large wp-image-6676\" alt=\"\" srcset=\"https:\/\/www.saintejeannedechantal.com\/wp-content\/uploads\/2023\/09\/senamco4-1024x768-1.jpeg 1024w, https:\/\/www.saintejeannedechantal.com\/wp-content\/uploads\/2023\/09\/senamco4-1024x768-1-300x225.jpeg 300w, https:\/\/www.saintejeannedechantal.com\/wp-content\/uploads\/2023\/09\/senamco4-1024x768-1-768x576.jpeg 768w, https:\/\/www.saintejeannedechantal.com\/wp-content\/uploads\/2023\/09\/senamco4-1024x768-1-958x719.jpeg 958w\" sizes=\"(max-width: 680px) 100vw, 680px\" \/>\t\t\t\t\t\t\t\t\t\t\t\t\t\t\t<\/div>\n\t\t\t\t<\/div>\n\t\t\t\t\t<\/div>\n\t\t<\/div>\n\t\t\t\t\t<\/div>\n\t\t<\/section>\n\t\t\t\t\t<\/div>\n\t\t<\/div>\n\t\t\t\t\t<\/div>\n\t\t<\/section>\n\t\t\t\t<\/div>\n\t\t","protected":false},"excerpt":{"rendered":"<p>L\u2019association fran\u00e7aise des Guides et Scouts d\u2019Europe (AGSE) est un mouvement d\u2019\u00e9ducation compl\u00e9mentaire de la famille agr\u00e9\u00e9 par le Minist\u00e8re de la Jeunesse et des Sports depuis 1970 Association catholique, elle est reconnue mouvement d\u2019\u00e9ducation par l\u2019Eglise. Conform\u00e9ment \u00e0 la tradition du scoutisme catholique, elle est ouverte \u00e0 tous ceux qui souhaitent participer \u00e0 ses [&hellip;]<\/p>\n","protected":false},"author":5,"featured_media":6660,"parent":0,"menu_order":0,"comment_status":"closed","ping_status":"closed","template":"","meta":{"footnotes":""},"class_list":["post-183","page","type-page","status-publish","has-post-thumbnail","hentry"],"meta_box":[],"_links":{"self":[{"href":"https:\/\/www.saintejeannedechantal.com\/index.php\/wp-json\/wp\/v2\/pages\/183","targetHints":{"allow":["GET"]}}],"collection":[{"href":"https:\/\/www.saintejeannedechantal.com\/index.php\/wp-json\/wp\/v2\/pages"}],"about":[{"href":"https:\/\/www.saintejeannedechantal.com\/index.php\/wp-json\/wp\/v2\/types\/page"}],"author":[{"embeddable":true,"href":"https:\/\/www.saintejeannedechantal.com\/index.php\/wp-json\/wp\/v2\/users\/5"}],"replies":[{"embeddable":true,"href":"https:\/\/www.saintejeannedechantal.com\/index.php\/wp-json\/wp\/v2\/comments?post=183"}],"version-history":[{"count":36,"href":"https:\/\/www.saintejeannedechantal.com\/index.php\/wp-json\/wp\/v2\/pages\/183\/revisions"}],"predecessor-version":[{"id":6748,"href":"https:\/\/www.saintejeannedechantal.com\/index.php\/wp-json\/wp\/v2\/pages\/183\/revisions\/6748"}],"wp:featuredmedia":[{"embeddable":true,"href":"https:\/\/www.saintejeannedechantal.com\/index.php\/wp-json\/wp\/v2\/media\/6660"}],"wp:attachment":[{"href":"https:\/\/www.saintejeannedechantal.com\/index.php\/wp-json\/wp\/v2\/media?parent=183"}],"curies":[{"name":"wp","href":"https:\/\/api.w.org\/{rel}","templated":true}]}}