{"id":3038,"date":"2023-05-23T11:58:13","date_gmt":"2023-05-23T09:58:13","guid":{"rendered":"https:\/\/ww2.psjc.fr\/?page_id=3038"},"modified":"2023-09-20T09:25:28","modified_gmt":"2023-09-20T07:25:28","slug":"le-doyenne","status":"publish","type":"page","link":"https:\/\/www.saintejeannedechantal.com\/index.php\/paroisse\/le-doyenne\/","title":{"rendered":"Le doyenn\u00e9"},"content":{"rendered":"\t\t<div data-elementor-type=\"wp-page\" data-elementor-id=\"3038\" class=\"elementor elementor-3038\" data-elementor-post-type=\"page\">\n\t\t\t\t\t\t<section class=\"elementor-section elementor-top-section elementor-element elementor-element-5a97a08b elementor-section-content-top elementor-section-boxed elementor-section-height-default elementor-section-height-default\" data-id=\"5a97a08b\" data-element_type=\"section\" data-e-type=\"section\">\n\t\t\t\t\t\t<div class=\"elementor-container elementor-column-gap-no\">\n\t\t\t\t\t<div class=\"elementor-column elementor-col-100 elementor-top-column elementor-element elementor-element-735f84ef\" data-id=\"735f84ef\" data-element_type=\"column\" data-e-type=\"column\">\n\t\t\t<div class=\"elementor-widget-wrap elementor-element-populated\">\n\t\t\t\t\t\t<div class=\"elementor-element elementor-element-5413f2c5 elementor-widget elementor-widget-heading\" data-id=\"5413f2c5\" data-element_type=\"widget\" data-e-type=\"widget\" data-widget_type=\"heading.default\">\n\t\t\t\t<div class=\"elementor-widget-container\">\n\t\t\t\t\t<h5 class=\"elementor-heading-title elementor-size-default\">Notre paroisse fait partie du doyenn\u00e9 d\u2019Auteuil avec la paroisse Saint Fran\u00e7ois de Molitor.<\/h5>\t\t\t\t<\/div>\n\t\t\t\t<\/div>\n\t\t\t\t<div class=\"elementor-element elementor-element-35c944c9 elementor-widget elementor-widget-text-editor\" data-id=\"35c944c9\" data-element_type=\"widget\" data-e-type=\"widget\" data-widget_type=\"text-editor.default\">\n\t\t\t\t<div class=\"elementor-widget-container\">\n\t\t\t\t\t\t\t\t\t<p><strong><a href=\"https:\/\/www.notredamedauteuil.fr\/\">\u2192 <span style=\"text-decoration: underline;\">L\u2019\u00e9glise d\u2019Auteuil<\/span><\/a><\/strong> est l\u2019\u00e9glise historique du quartier, ses origines remonte au XII\u00e8me si\u00e8cle, l\u2019\u00e9difice actuel est du XIX\u00e8me si\u00e8cle.<\/p><p><strong>Sainte Jeanne de Chantal<\/strong> a \u00e9t\u00e9 \u00e9difi\u00e9e en 1936 puis reconstruite pour partie apr\u00e8s la destruction de sa nef par trois obus lors de la seconde guerre mondiale.<\/p><p><strong><a href=\"https:\/\/www.saintfrancoisdemolitor.fr\/\">\u2192 <span style=\"text-decoration: underline;\">Saint Fran\u00e7ois de Molitor<\/span><\/a><\/strong> a \u00e9t\u00e9 construite en 1996.<\/p>\t\t\t\t\t\t\t\t<\/div>\n\t\t\t\t<\/div>\n\t\t\t\t\t<\/div>\n\t\t<\/div>\n\t\t\t\t\t<\/div>\n\t\t<\/section>\n\t\t\t\t<\/div>\n\t\t","protected":false},"excerpt":{"rendered":"<p>Notre paroisse fait partie du doyenn\u00e9 d\u2019Auteuil avec la paroisse Saint Fran\u00e7ois de Molitor. \u2192 L\u2019\u00e9glise d\u2019Auteuil est l\u2019\u00e9glise historique du quartier, ses origines remonte au XII\u00e8me si\u00e8cle, l\u2019\u00e9difice actuel est du XIX\u00e8me si\u00e8cle. Sainte Jeanne de Chantal a \u00e9t\u00e9 \u00e9difi\u00e9e en 1936 puis reconstruite pour partie apr\u00e8s la destruction de sa nef par trois [&hellip;]<\/p>\n","protected":false},"author":5,"featured_media":0,"parent":7,"menu_order":0,"comment_status":"closed","ping_status":"closed","template":"","meta":{"footnotes":""},"class_list":["post-3038","page","type-page","status-publish","hentry"],"meta_box":[],"_links":{"self":[{"href":"https:\/\/www.saintejeannedechantal.com\/index.php\/wp-json\/wp\/v2\/pages\/3038","targetHints":{"allow":["GET"]}}],"collection":[{"href":"https:\/\/www.saintejeannedechantal.com\/index.php\/wp-json\/wp\/v2\/pages"}],"about":[{"href":"https:\/\/www.saintejeannedechantal.com\/index.php\/wp-json\/wp\/v2\/types\/page"}],"author":[{"embeddable":true,"href":"https:\/\/www.saintejeannedechantal.com\/index.php\/wp-json\/wp\/v2\/users\/5"}],"replies":[{"embeddable":true,"href":"https:\/\/www.saintejeannedechantal.com\/index.php\/wp-json\/wp\/v2\/comments?post=3038"}],"version-history":[{"count":19,"href":"https:\/\/www.saintejeannedechantal.com\/index.php\/wp-json\/wp\/v2\/pages\/3038\/revisions"}],"predecessor-version":[{"id":6731,"href":"https:\/\/www.saintejeannedechantal.com\/index.php\/wp-json\/wp\/v2\/pages\/3038\/revisions\/6731"}],"up":[{"embeddable":true,"href":"https:\/\/www.saintejeannedechantal.com\/index.php\/wp-json\/wp\/v2\/pages\/7"}],"wp:attachment":[{"href":"https:\/\/www.saintejeannedechantal.com\/index.php\/wp-json\/wp\/v2\/media?parent=3038"}],"curies":[{"name":"wp","href":"https:\/\/api.w.org\/{rel}","templated":true}]}}

Le doyenné

<div data-elementor-type="wp-page" data-elementor-id="3038" class="elementor elementor-3038" data-elementor-post-type="page">
						<section class="elementor-section elementor-top-section elementor-element elementor-element-5a97a08b elementor-section-content-top elementor-section-boxed elementor-section-height-default elementor-section-height-default" data-id="5a97a08b" data-element_type="section" data-e-type="section">
						<div class="elementor-container elementor-column-gap-no">
					<div class="elementor-column elementor-col-100 elementor-top-column elementor-element elementor-element-735f84ef" data-id="735f84ef" data-element_type="column" data-e-type="column">
			<div class="elementor-widget-wrap elementor-element-populated">
						<div class="elementor-element elementor-element-5413f2c5 elementor-widget elementor-widget-heading" data-id="5413f2c5" data-element_type="widget" data-e-type="widget" data-widget_type="heading.default">
				<div class="elementor-widget-container">
					<h5 class="elementor-heading-title elementor-size-default">Notre paroisse fait partie du doyenné d’Auteuil avec la paroisse Saint François de Molitor.</h5>				</div>
				</div>
				<div class="elementor-element elementor-element-35c944c9 elementor-widget elementor-widget-text-editor" data-id="35c944c9" data-element_type="widget" data-e-type="widget" data-widget_type="text-editor.default">
				<div class="elementor-widget-container">
									<p><strong><a href="https://www.notredamedauteuil.fr/">→ <span style="text-decoration: underline;">L’église d’Auteuil</span></a></strong> est l’église historique du quartier, ses origines remonte au XIIème siècle, l’édifice actuel est du XIXème siècle.</p><p><strong>Sainte Jeanne de Chantal</strong> a été édifiée en 1936 puis reconstruite pour partie après la destruction de sa nef par trois obus lors de la seconde guerre mondiale.</p><p><strong><a href="https://www.saintfrancoisdemolitor.fr/">→ <span style="text-decoration: underline;">Saint François de Molitor</span></a></strong> a été construite en 1996.</p>								</div>
				</div>
					</div>
		</div>
					</div>
		</section>
				</div>

<p>Notre paroisse fait partie du doyenné d’Auteuil avec la paroisse Saint François de Molitor. → L’église d’Auteuil est l’église historique du quartier, ses origines remonte au XIIème siècle, l’édifice actuel est du XIXème siècle. Sainte Jeanne de Chantal a été édifiée en 1936 puis reconstruite pour partie après la destruction de sa nef par trois [&hellip;]</p>
