{"id":63,"date":"2023-04-18T10:12:56","date_gmt":"2023-04-18T08:12:56","guid":{"rendered":"https:\/\/ww2.psjc.fr\/?page_id=63"},"modified":"2024-10-03T11:13:33","modified_gmt":"2024-10-03T09:13:33","slug":"bapteme","status":"publish","type":"page","link":"https:\/\/www.saintejeannedechantal.com\/index.php\/bapteme\/","title":{"rendered":"Vous souhaitez recevoir le bapt\u00eame ?"},"content":{"rendered":"\t\t<div data-elementor-type=\"wp-page\" data-elementor-id=\"63\" class=\"elementor elementor-63\" data-elementor-post-type=\"page\">\n\t\t\t\t\t\t<section class=\"elementor-section elementor-top-section elementor-element elementor-element-4675a570 elementor-section-boxed elementor-section-height-default elementor-section-height-default\" data-id=\"4675a570\" data-element_type=\"section\" data-e-type=\"section\">\n\t\t\t\t\t\t<div class=\"elementor-container elementor-column-gap-default\">\n\t\t\t\t\t<div class=\"elementor-column elementor-col-100 elementor-top-column elementor-element elementor-element-155b4ee7\" data-id=\"155b4ee7\" data-element_type=\"column\" data-e-type=\"column\">\n\t\t\t<div class=\"elementor-widget-wrap elementor-element-populated\">\n\t\t\t\t\t\t<div class=\"elementor-element elementor-element-379adb2b elementor-widget elementor-widget-heading\" data-id=\"379adb2b\" data-element_type=\"widget\" data-e-type=\"widget\" data-widget_type=\"heading.default\">\n\t\t\t\t<div class=\"elementor-widget-container\">\n\t\t\t\t\t<h5 class=\"elementor-heading-title elementor-size-default\">Selon l'\u00e2ge, la pr\u00e9paration au bapt\u00eame est diff\u00e9rente<\/h5>\t\t\t\t<\/div>\n\t\t\t\t<\/div>\n\t\t\t\t<div class=\"elementor-element elementor-element-0dcd4a9 elementor-align-right elementor-widget elementor-widget-button\" data-id=\"0dcd4a9\" data-element_type=\"widget\" data-e-type=\"widget\" data-widget_type=\"button.default\">\n\t\t\t\t<div class=\"elementor-widget-container\">\n\t\t\t\t\t\t\t\t\t<div class=\"elementor-button-wrapper\">\n\t\t\t\t\t<a class=\"elementor-button elementor-button-link elementor-size-sm\" href=\"https:\/\/www.saintejeannedechantal.com\/index.php\/contact\/\">\n\t\t\t\t\t\t<span class=\"elementor-button-content-wrapper\">\n\t\t\t\t\t\t<span class=\"elementor-button-icon\">\n\t\t\t\t<i aria-hidden=\"true\" class=\"far fa-envelope\"><\/i>\t\t\t<\/span>\n\t\t\t\t\t\t\t\t\t<span class=\"elementor-button-text\">contact<\/span>\n\t\t\t\t\t<\/span>\n\t\t\t\t\t<\/a>\n\t\t\t\t<\/div>\n\t\t\t\t\t\t\t\t<\/div>\n\t\t\t\t<\/div>\n\t\t\t\t<div class=\"elementor-element elementor-element-96f14c1 elementor-widget elementor-widget-text-editor\" data-id=\"96f14c1\" data-element_type=\"widget\" data-e-type=\"widget\" data-widget_type=\"text-editor.default\">\n\t\t\t\t<div class=\"elementor-widget-container\">\n\t\t\t\t\t\t\t\t\t<p>Sacrement qui marque l\u2019entr\u00e9e dans l\u2019Eglise, le Peuple de Dieu.<\/p><p>Le Bapt\u00eame est le fondement de toute la vie chr\u00e9tienne, le porche de la vie dans l\u2019Esprit et la porte qui ouvre l\u2019acc\u00e8s aux autres sacrements.<\/p><p>Par le Bapt\u00eame nous sommes lib\u00e9r\u00e9s du p\u00e9ch\u00e9, r\u00e9g\u00e9n\u00e9r\u00e9s comme fils et filles bien aim\u00e9s du P\u00e8re et nous devenons membres de l\u2019Eglise, Corps du Christ, participants \u00e0 sa mission (Cat\u00e9chisme de l\u2019Eglise Catholique n\u00b0 1263 \u00e0 1270).<\/p><p>On appelle le bapt\u00eame \u00ab la nouvelle cr\u00e9ation \u00bb, la seconde naissance ou encore l\u2019adoption filiale par Dieu.<\/p>\t\t\t\t\t\t\t\t<\/div>\n\t\t\t\t<\/div>\n\t\t\t\t<div class=\"elementor-element elementor-element-38a628e elementor-widget elementor-widget-spacer\" data-id=\"38a628e\" data-element_type=\"widget\" data-e-type=\"widget\" data-widget_type=\"spacer.default\">\n\t\t\t\t<div class=\"elementor-widget-container\">\n\t\t\t\t\t\t\t<div class=\"elementor-spacer\">\n\t\t\t<div class=\"elementor-spacer-inner\"><\/div>\n\t\t<\/div>\n\t\t\t\t\t\t<\/div>\n\t\t\t\t<\/div>\n\t\t\t\t<div class=\"elementor-element elementor-element-3c7cb89a elementor-widget elementor-widget-pp-advanced-tabs\" data-id=\"3c7cb89a\" data-element_type=\"widget\" data-e-type=\"widget\" data-widget_type=\"pp-advanced-tabs.default\">\n\t\t\t\t<div class=\"elementor-widget-container\">\n\t\t\t\t\t\t\t<div class=\"pp-advanced-tabs pp-style-6 pp-tabs-responsive-tablet pp-advabced-tabs-responsive\">\n\t\t\t<div class=\"pp-advanced-tabs-wrapper pp-tabs-labels at-vertical  at-no-hover\" role=\"tablist\">\n\t\t\t\t\t\t\t\t\t\t\t<div id=\"pp-advanced-tabs-title-1011\" class=\"pp-advanced-tabs-title pp-tabs-label pp-advanced-tabs-desktop-title pp-tab-active\" data-tab=\"1\" data-index=\"1011\" tabindex=\"0\" role=\"tab\" aria-controls=\"pp-advanced-tabs-content-1011\">\n\n\t\t\t\t\t\t\t\t\t\t\t<span class=\"pp-icon pp-advanced-tabs-icon-left\">\n\t\t\t\t<i aria-hidden=\"true\" class=\"fas fa-baby\"><\/i>\t\t\t<\/span>\n\t\t\t\n\t\t\t\t\t\t\t\t<span class=\"pp-advanced-tabs-title-text\">LES JEUNES ENFANTS (avant 1 an)<\/span>\n\t\t\t\t\t\t\t\t\t\t\t\t\t\t\t<\/div>\n\t\t\t\t\t\t\t\t\t\t\t\t\t<div id=\"pp-advanced-tabs-title-1012\" class=\"pp-advanced-tabs-title pp-tabs-label pp-advanced-tabs-desktop-title \" data-tab=\"2\" data-index=\"1012\" tabindex=\"0\" role=\"tab\" aria-controls=\"pp-advanced-tabs-content-1012\">\n\n\t\t\t\t\t\t\t\t\t\t\t<span class=\"pp-icon pp-advanced-tabs-icon-left\">\n\t\t\t\t<i aria-hidden=\"true\" class=\"fas fa-male\"><\/i>\t\t\t<\/span>\n\t\t\t\n\t\t\t\t\t\t\t\t<span class=\"pp-advanced-tabs-title-text\">BAPT\u00caME ENFANTS (7 ans et plus)<\/span>\n\t\t\t\t\t\t\t\t\t\t\t\t\t\t\t<\/div>\n\t\t\t\t\t\t\t\t\t\t\t\t\t<div id=\"pp-advanced-tabs-title-1013\" class=\"pp-advanced-tabs-title pp-tabs-label pp-advanced-tabs-desktop-title \" data-tab=\"3\" data-index=\"1013\" tabindex=\"0\" role=\"tab\" aria-controls=\"pp-advanced-tabs-content-1013\">\n\n\t\t\t\t\t\t\t\t\t\t\t<span class=\"pp-icon pp-advanced-tabs-icon-left\">\n\t\t\t\t<i aria-hidden=\"true\" class=\"fas fa-male\"><\/i>\t\t\t<\/span>\n\t\t\t\n\t\t\t\t\t\t\t\t<span class=\"pp-advanced-tabs-title-text\">BAPT\u00caME ADULTES (Cat\u00e9chum\u00e9nat)<\/span>\n\t\t\t\t\t\t\t\t\t\t\t\t\t\t\t<\/div>\n\t\t\t\t\t\t\t\t\t\t\t\t\t<div id=\"pp-advanced-tabs-title-1014\" class=\"pp-advanced-tabs-title pp-tabs-label pp-advanced-tabs-desktop-title \" data-tab=\"4\" data-index=\"1014\" tabindex=\"0\" role=\"tab\" aria-controls=\"pp-advanced-tabs-content-1014\">\n\n\t\t\t\t\t\t\t\t\t\t\t<span class=\"pp-icon pp-advanced-tabs-icon-left\">\n\t\t\t\t<i aria-hidden=\"true\" class=\"fas fa-church\"><\/i>\t\t\t<\/span>\n\t\t\t\n\t\t\t\t\t\t\t\t<span class=\"pp-advanced-tabs-title-text\">Demande de certificat de bapt\u00eame<\/span>\n\t\t\t\t\t\t\t\t\t\t\t\t\t\t\t<\/div>\n\t\t\t\t\t\t\t\t\t<\/div>\n\t\t\t<div class=\"pp-advanced-tabs-content-wrapper pp-tabs-panels at-vertical-content\">\n\t\t\t\t\t\t\t\t\t<div class=\"pp-tabs-panel\">\n\t\t\t\t\t\t<div class=\"pp-advanced-tabs-title pp-tabs-label pp-tab-responsive pp-tab-active  at-no-hover\" data-index=\"1011\">\n\t\t\t\t\t\t\t<div class=\"pp-advanced-tabs-title-inner\">\n\t\t\t\t\t\t\t\t\t\t\t<span class=\"pp-icon pp-advanced-tabs-icon-left\">\n\t\t\t\t<i aria-hidden=\"true\" class=\"fas fa-baby\"><\/i>\t\t\t<\/span>\n\t\t\t\n\t\t\t\t\t\t\t\t<span class=\"pp-advanced-tabs-title-text\">LES JEUNES ENFANTS (avant 1 an)<\/span>\n\t\t\t\t\t\t\t\t<i class=\"pp-toggle-icon pp-tab-open fa\"><\/i>\n\t\t\t\t\t\t\t<\/div>\n\t\t\t\t\t\t<\/div>\n\t\t\t\t\t\t<div id=\"pp-advanced-tabs-content-1011\" class=\"pp-advanced-tabs-content elementor-clearfix pp-advanced-tabs-tab_content pp-tab-active\" data-tab=\"1\" data-index=\"1011\" role=\"tabpanel\" aria-labelledby=\"pp-advanced-tabs-title-1011\">\n\t\t\t\t\t\t\t<p>\u00ab La pratique de baptiser les petits enfants est une tradition imm\u00e9moriale de l\u2019\u00c9glise.<\/p><p>Elle est attest\u00e9e explicitement depuis le IIe si\u00e8cle. Le bapt\u00eame est le sacrement de la foi.<\/p><p>Les parents chr\u00e9tiens reconna\u00eetront que cette pratique correspond aussi \u00e0 leur r\u00f4le de nourriciers de la vie que Dieu leur a confi\u00e9e. \u00bb Vatican II.<\/p><p>Par le bapt\u00eame de leur enfant, les parents s\u2019engagent \u00e0 l\u2019\u00e9duquer dans la foi afin que la gr\u00e2ce du sacrement puisse porter son fruit et que l\u2019enfant puisse, le moment venu, adh\u00e9rer personnellement au Christ, comme \u00ab son Seigneur et son Dieu \u00bb, le Seul qui \u00e9claire vraiment le myst\u00e8re de notre vocation.<\/p><p>Le parrain et la marraine sont des croyants pratiquants (baptis\u00e9s, eucharisti\u00e9s et confirm\u00e9s dans l\u2019\u00c9glise catholique). Un croyant d\u2019une autre confession chr\u00e9tienne peut avoir le r\u00f4le de t\u00e9moin.<\/p><p>Accueil des parents au presbyt\u00e8re le samedi matin entre 10h et 11h (hors vacances scolaires)<\/p><p>&#8211; 3 mois avant la date envisag\u00e9e, inscrire son enfant.<\/p><p>&#8211; 2 rencontres de formation avec d\u2019autres parents, accompagn\u00e9es par un pr\u00eatre et des couples de paroissiens.\u00a0<\/p><p>&#8211; Pr\u00e9paration de la c\u00e9l\u00e9bration avec le pr\u00eatre ou le diacre.<\/p>\t\t\t\t\t\t<\/div>\n\t\t\t\t\t<\/div>\n\t\t\t\t\t\t\t\t\t<div class=\"pp-tabs-panel\">\n\t\t\t\t\t\t<div class=\"pp-advanced-tabs-title pp-tabs-label pp-tab-responsive   at-no-hover\" data-index=\"1012\">\n\t\t\t\t\t\t\t<div class=\"pp-advanced-tabs-title-inner\">\n\t\t\t\t\t\t\t\t\t\t\t<span class=\"pp-icon pp-advanced-tabs-icon-left\">\n\t\t\t\t<i aria-hidden=\"true\" class=\"fas fa-male\"><\/i>\t\t\t<\/span>\n\t\t\t\n\t\t\t\t\t\t\t\t<span class=\"pp-advanced-tabs-title-text\">BAPT\u00caME ENFANTS (7 ans et plus)<\/span>\n\t\t\t\t\t\t\t\t<i class=\"pp-toggle-icon pp-tab-open fa\"><\/i>\n\t\t\t\t\t\t\t<\/div>\n\t\t\t\t\t\t<\/div>\n\t\t\t\t\t\t<div id=\"pp-advanced-tabs-content-1012\" class=\"pp-advanced-tabs-content elementor-clearfix pp-advanced-tabs-tab_content \" data-tab=\"2\" data-index=\"1012\" role=\"tabpanel\" aria-labelledby=\"pp-advanced-tabs-title-1012\">\n\t\t\t\t\t\t\t<p>Pr\u00e9paration le dimanche matin. 5 dimanches dans l&#8217;ann\u00e9e.<\/p><p>Contactez le secr\u00e9tariat :<\/p><p>secretariat@psjc.fr<\/p>\t\t\t\t\t\t<\/div>\n\t\t\t\t\t<\/div>\n\t\t\t\t\t\t\t\t\t<div class=\"pp-tabs-panel\">\n\t\t\t\t\t\t<div class=\"pp-advanced-tabs-title pp-tabs-label pp-tab-responsive   at-no-hover\" data-index=\"1013\">\n\t\t\t\t\t\t\t<div class=\"pp-advanced-tabs-title-inner\">\n\t\t\t\t\t\t\t\t\t\t\t<span class=\"pp-icon pp-advanced-tabs-icon-left\">\n\t\t\t\t<i aria-hidden=\"true\" class=\"fas fa-male\"><\/i>\t\t\t<\/span>\n\t\t\t\n\t\t\t\t\t\t\t\t<span class=\"pp-advanced-tabs-title-text\">BAPT\u00caME ADULTES (Cat\u00e9chum\u00e9nat)<\/span>\n\t\t\t\t\t\t\t\t<i class=\"pp-toggle-icon pp-tab-open fa\"><\/i>\n\t\t\t\t\t\t\t<\/div>\n\t\t\t\t\t\t<\/div>\n\t\t\t\t\t\t<div id=\"pp-advanced-tabs-content-1013\" class=\"pp-advanced-tabs-content elementor-clearfix pp-advanced-tabs-tab_content \" data-tab=\"3\" data-index=\"1013\" role=\"tabpanel\" aria-labelledby=\"pp-advanced-tabs-title-1013\">\n\t\t\t\t\t\t\t<p>Il est possible d\u2019\u00eatre baptis\u00e9 et\/ou confirm\u00e9 et\/ou de recevoir l\u2019eucharistie \u00e0 tout \u00e2ge ! La pr\u00e9paration au bapt\u00eame dure en g\u00e9n\u00e9ral de 18 mois \u00e0 2 ans, et 12 mois pour la Confirmation.<\/p><ul><li>1 rencontre mensuelle est pr\u00e9vue avec toute l\u2019\u00e9quipe du cat\u00e9chum\u00e9nat<\/li><li>1 rencontre mensuelle avec un accompagnateur personnel<\/li><\/ul>\t\t\t\t\t\t<\/div>\n\t\t\t\t\t<\/div>\n\t\t\t\t\t\t\t\t\t<div class=\"pp-tabs-panel\">\n\t\t\t\t\t\t<div class=\"pp-advanced-tabs-title pp-tabs-label pp-tab-responsive   at-no-hover\" data-index=\"1014\">\n\t\t\t\t\t\t\t<div class=\"pp-advanced-tabs-title-inner\">\n\t\t\t\t\t\t\t\t\t\t\t<span class=\"pp-icon pp-advanced-tabs-icon-left\">\n\t\t\t\t<i aria-hidden=\"true\" class=\"fas fa-church\"><\/i>\t\t\t<\/span>\n\t\t\t\n\t\t\t\t\t\t\t\t<span class=\"pp-advanced-tabs-title-text\">Demande de certificat de bapt\u00eame<\/span>\n\t\t\t\t\t\t\t\t<i class=\"pp-toggle-icon pp-tab-open fa\"><\/i>\n\t\t\t\t\t\t\t<\/div>\n\t\t\t\t\t\t<\/div>\n\t\t\t\t\t\t<div id=\"pp-advanced-tabs-content-1014\" class=\"pp-advanced-tabs-content elementor-clearfix pp-advanced-tabs-tab_content \" data-tab=\"4\" data-index=\"1014\" role=\"tabpanel\" aria-labelledby=\"pp-advanced-tabs-title-1014\">\n\t\t\t\t\t\t\t<p>Pour obtenir un certificat de bapt\u00eame :<\/p><p>Vous avez \u00e9t\u00e9 baptis\u00e9 \u00e0 Sainte-Jeanne-de-Chantal et vous souhaitez obtenir un certificat de bapt\u00eame en vue d\u2019un sacrement ou \u00e0 titre personnel, merci d\u2019adr<\/p><p>esser une demande \u00e9crite \u00e0 l\u2019adresse suivante :<\/p><pre style=\"padding-left: 40px;\">Paroisse Sainte-Jeanne-de-Chantal,<br \/>96, boulevard Murat,<br \/>75016 Paris secretariat@psjc.fr<\/pre><p>en y joignant une enveloppe timbr\u00e9e libell\u00e9e \u00e0 vos nom et adresse pour la r\u00e9ponse, et en pr\u00e9cisant vos :<\/p><pre style=\"padding-left: 40px;\">Nom (nom de jeune fille) Pr\u00e9noms<br \/>T\u00e9l\u00e9phone<br \/>Date et lieu de naissance <br \/>Nom des parents, nom de jeune fille de la m\u00e8re<br \/>Date de bapt\u00eame (ou l\u2019ann\u00e9e)<br \/>Motif de la demande.<\/pre><p>Pour les mineurs, la demande peut \u00eatre faite par l\u2019int\u00e9ress\u00e9 ou par les parents.<\/p><p>Pour un dossier de mariage, la demande doit \u00eatre faite par la personne &#8211; pr\u00eatre ou diacre &#8211; en charge du dossier administratif, avec le formulaire d\u00e9di\u00e9, et une enveloppe libell\u00e9e et timbr\u00e9e pour le retour.<\/p><p>Pour les recherches g\u00e9n\u00e9alogiques, les demandes doivent \u00eatre adress\u00e9es par \u00e9crit \u00e0 l\u2019adresse suivante :<\/p><pre style=\"padding-left: 40px;\"><br \/>Archives de Catholicit\u00e9,<br \/>9, rue du Docteur Roux, 75015 Paris<br \/><br \/>archicat@diocese-paris.net<br \/><br \/><\/pre>\t\t\t\t\t\t<\/div>\n\t\t\t\t\t<\/div>\n\t\t\t\t\t\t\t<\/div>\n\t\t<\/div>\n\t\t\t\t\t\t<\/div>\n\t\t\t\t<\/div>\n\t\t\t\t<div class=\"elementor-element elementor-element-66baba4b elementor-widget elementor-widget-spacer\" data-id=\"66baba4b\" data-element_type=\"widget\" data-e-type=\"widget\" data-widget_type=\"spacer.default\">\n\t\t\t\t<div class=\"elementor-widget-container\">\n\t\t\t\t\t\t\t<div class=\"elementor-spacer\">\n\t\t\t<div class=\"elementor-spacer-inner\"><\/div>\n\t\t<\/div>\n\t\t\t\t\t\t<\/div>\n\t\t\t\t<\/div>\n\t\t\t\t\t<\/div>\n\t\t<\/div>\n\t\t\t\t\t<\/div>\n\t\t<\/section>\n\t\t\t\t<\/div>\n\t\t","protected":false},"excerpt":{"rendered":"<p>Selon l&#8217;\u00e2ge, la pr\u00e9paration au bapt\u00eame est diff\u00e9rente contact Sacrement qui marque l\u2019entr\u00e9e dans l\u2019Eglise, le Peuple de Dieu. Le Bapt\u00eame est le fondement de toute la vie chr\u00e9tienne, le porche de la vie dans l\u2019Esprit et la porte qui ouvre l\u2019acc\u00e8s aux autres sacrements. Par le Bapt\u00eame nous sommes lib\u00e9r\u00e9s du p\u00e9ch\u00e9, r\u00e9g\u00e9n\u00e9r\u00e9s comme [&hellip;]<\/p>\n","protected":false},"author":5,"featured_media":4848,"parent":0,"menu_order":0,"comment_status":"closed","ping_status":"closed","template":"","meta":{"footnotes":""},"class_list":["post-63","page","type-page","status-publish","has-post-thumbnail","hentry"],"meta_box":[],"_links":{"self":[{"href":"https:\/\/www.saintejeannedechantal.com\/index.php\/wp-json\/wp\/v2\/pages\/63","targetHints":{"allow":["GET"]}}],"collection":[{"href":"https:\/\/www.saintejeannedechantal.com\/index.php\/wp-json\/wp\/v2\/pages"}],"about":[{"href":"https:\/\/www.saintejeannedechantal.com\/index.php\/wp-json\/wp\/v2\/types\/page"}],"author":[{"embeddable":true,"href":"https:\/\/www.saintejeannedechantal.com\/index.php\/wp-json\/wp\/v2\/users\/5"}],"replies":[{"embeddable":true,"href":"https:\/\/www.saintejeannedechantal.com\/index.php\/wp-json\/wp\/v2\/comments?post=63"}],"version-history":[{"count":216,"href":"https:\/\/www.saintejeannedechantal.com\/index.php\/wp-json\/wp\/v2\/pages\/63\/revisions"}],"predecessor-version":[{"id":8747,"href":"https:\/\/www.saintejeannedechantal.com\/index.php\/wp-json\/wp\/v2\/pages\/63\/revisions\/8747"}],"wp:featuredmedia":[{"embeddable":true,"href":"https:\/\/www.saintejeannedechantal.com\/index.php\/wp-json\/wp\/v2\/media\/4848"}],"wp:attachment":[{"href":"https:\/\/www.saintejeannedechantal.com\/index.php\/wp-json\/wp\/v2\/media?parent=63"}],"curies":[{"name":"wp","href":"https:\/\/api.w.org\/{rel}","templated":true}]}}